38. Let c be x(7). Calculate the greatest common divisor of 32 and c.
8
Let g(k) = 2*k**3 - k**2 + 1. Let v be g(1). Let d be (v + 6)/(8/12*-1). Let a be (d/10)/(2 + (-23)/10). Calculate the highest common factor of 2 and a.
2
Let p(f) = -f - 21. Let i be p(-14). Let l be (-11)/i - 30/(-70). Let a(x) = 2*x + 1. Let v be a(l). Calculate the greatest common factor of v and 40.
5
Suppose 4*p - 1105 = -5*r, -10*r - 221 = -11*r + 3*p. What is the highest common factor of r and 234?
13
Suppose -2*k - 177 = -t, 4*k = 4*t - 44 - 684. Let h be (7 - -44)/(1/(-4)*-6). Calculate the greatest common divisor of h and t.
17
Let q(r) be the first derivative of -25*r**2/2 - 28*r - 5. Let s be q(-15). Suppose 3*k - s = 133. Calculate the highest common divisor of k and 40.
40
Let b be ((-6741)/35)/(6/(-110)). Calculate the highest common divisor of b and 6099.
321
Let z(q) = -11*q**3 - 13*q**2 + 3*q - 4. Let p be z(-4). What is the highest common divisor of p and 90?
30
Suppose 11*j + 4963 = 15*j + 5*g, -2*j + 2*g = -2504. What is the greatest common divisor of 86 and j?
43
Let d = 43 - -22. Let g(t) = -2*t + 10. Suppose 31 = -5*i - 9. Let y be g(i). Calculate the highest common divisor of y and d.
13
Let z be (6*(-11)/14)/(191/(-2674)). What is the greatest common factor of 18876 and z?
66
Let i be (-3)/((-2985)/(-600) - 5). What is the highest common divisor of 192 and i?
24
Suppose 2*c = 5*z + 2474, 2*c - 490 = z - 0*c. Let m = -481 - z. Let j = 157 - 82. Calculate the greatest common factor of m and j.
15
Suppose -6*z = p - z - 224, -z = 3*p - 700. Let u = p - 171. Calculate the greatest common divisor of u and 144.
9
Suppose 4*x - 701 = 5*d, 5*d + 5*x = -355 - 310. Let l be 1 - d - (1 - -2). Let i = -4 + 31. What is the greatest common factor of i and l?
27
Let b(f) = 2*f**3 + 108*f**2 - 106*f + 288. Let g be b(-55). Calculate the greatest common factor of 4505 and g.
17
Let p be (-42)/(-1 + 6 + (-55)/10). Let v(x) = -x**3 + 6*x**2 - 4. Let r be v(5). Calculate the greatest common factor of r and p.
21
Suppose -18*q - 280 = -324 - 550. What is the highest common divisor of 15873 and q?
33
Let o be -1*(-26780)/(-40)*-2. Calculate the highest common divisor of 1957 and o.
103
Let y be 2265/40 - 18/(-48) - (-5)/(-1). What is the greatest common factor of 2054 and y?
26
Suppose 7678 = 3*r + y, 3*r + 4*y - 7693 = 6*y. What is the greatest common divisor of 26 and r?
13
Suppose h + 4*j - 6224 + 1304 = 0, -4*j = -5*h + 24792. Calculate the highest common factor of h and 8.
8
Let u = 256 + -251. Suppose -5*r = 4*f - 901, 3*r = u*f - 2*r - 1115. What is the greatest common divisor of f and 32?
32
Suppose -12*l - 16660 = -29*l - 18*l. Calculate the highest common divisor of 612 and l.
68
Let q be (17/3 - (-24)/(-36))/1. Suppose -2*n + 1 = -2*h + 7, 4*h + q*n - 3 = 0. Let j be 88*(-1)/(h + (-9)/3). Calculate the greatest common factor of j and 8.
8
Suppose 0 = -4*s + 16562 - 16478. Suppose 0 = o - 3*o + 56. Calculate the greatest common divisor of o and s.
7
Suppose -2*c - 4*t = c - 37, 2*c = -3*t + 26. Let l = 273 - 300. Let x be 1069/9 - 6/l. What is the greatest common divisor of c and x?
7
Suppose -3*n + 260 = 10*n. Let v be 4/(-16) - 2*(-282)/16. Calculate the highest common divisor of v and n.
5
Let z(d) = 22*d + 148*d - d - 560 - 17*d - 46*d. Let j be z(6). Suppose -5*g + 20 = -0*g. What is the highest common divisor of g and j?
4
Let r(j) = -3*j**3 - 5*j**2 - 8*j. Let y be r(-2). Let m = 40 - y. Suppose 0 = -22*g + 17*g + m. Calculate the greatest common factor of 10 and g.
2
Let p(x) = 12*x**3 - x**2 + 2*x + 20. Let g be p(0). Calculate the greatest common factor of g and 535.
5
Let t be (6/(-5))/((-165)/(-550)). Let f(c) = 2*c**2 - 5*c - 2. Let w be f(4). Let v = t + w. What is the highest common divisor of v and 54?
6
Suppose -3*t = 5*z - 2619, -13*t + 12*t - 4*z = -880. Calculate the greatest common factor of t and 1116.
124
Suppose -51 = 18*y - 2921 - 2422. Calculate the highest common divisor of 91 and y.
7
Let b be -2 - (-8 - -1)/(8/(-32)). Let s be 6/b + (-3)/(-15). Suppose s = 4*w + k - 790 + 24, w + 2*k = 188. What is the greatest common divisor of 24 and w?
24
Let v(m) = m**3 - 16*m**2 - 33*m - 56. Let r be v(18). Let l be r - (-222 - (3 - -2)). Calculate the greatest common factor of 45 and l.
45
Suppose -4*y + 0*y = -3*s + 26, 2*y = 3*s - 16. Let o = -69 + 71. Calculate the greatest common factor of o and s.
2
Let y be 29 + (-10 - -8)*(0/2 - -1). Calculate the highest common factor of y and 159.
3
Suppose -4*d - 16 = 0, k - 224 = -3*k - 3*d. Suppose -k*q + 66*q = 1281. Suppose -4*b - 129 = -373. Calculate the highest common factor of q and b.
61
Let v = 32 - -66. Suppose 23*t - 266 - 56 = 0. What is the greatest common divisor of v and t?
14
Let x(y) = 4*y**3 - y**2 - 5*y + 7. Suppose -3*f = 7 - 16. Suppose -f*m = -2*m - 3. Let h be x(m). What is the highest common divisor of h and 13?
13
Let t = 234 - 228. Suppose 0 = -t*b + 194 + 16. What is the highest common factor of 70 and b?
35
Let g be (-43 - -49)*30/4. Suppose -2*n + 411 = -309. Calculate the greatest common divisor of n and g.
45
Let m = 15449 + -15309. Let f(x) = 9*x - 10. Let g be f(10). Calculate the highest common factor of g and m.
20
Suppose 2*v + 6*v - 128 = 0. Let w be (8/(-4))/(1/(-104)). Calculate the greatest common factor of v and w.
16
Let z be (16/(-3))/(1/(-6)) - (-3312)/(-552). What is the highest common divisor of 4394 and z?
26
Suppose -37*t + 44*t - 28 = 0. Let x be (-2)/t + (-3)/(-12)*146. Suppose -s - x = -5*s. Calculate the greatest common divisor of 72 and s.
9
Suppose 24*q - 3142 - 6794 = 0. Calculate the greatest common divisor of q and 2967.
69
Suppose 3*b = v - 90, 131*b - 450 = -5*v + 133*b. Calculate the highest common divisor of v and 2034.
18
Let c = -6419 - -6425. Calculate the highest common factor of c and 162.
6
Suppose 73*l - 8 = 74*l, 3*l = -z - 18. What is the greatest common divisor of 218 and z?
2
Let h be 819/(-65)*(-10)/6. Suppose -k + 252 = 4*w, w + 2*k - 42 = 21. Calculate the greatest common divisor of h and w.
21
Suppose -34*l + 66*l - 1753 = -59*l + 431. Let v be 4*(0 + (-9)/(-4)). Calculate the greatest common divisor of l and v.
3
Suppose 94*b - 3105 = -28*b - 13*b. Let m(i) = 22*i + 4. Let v be m(4). Calculate the highest common factor of b and v.
23
Let j be (0 + 8 + 0)/(-5 - -7). Let y(f) = 25 + 33 + j*f - f**3 - 51. Let a be y(-5). What is the highest common divisor of 28 and a?
28
Let l = -1049 - -1121. Let k = 41 + 13. What is the highest common factor of k and l?
18
Suppose 56*l = 74565 + 35867. What is the greatest common factor of 68 and l?
68
Let u be (-48)/(-84) - 4/(28/(-101)). Suppose f + l - 4*l = 152, f - 156 = 5*l. Let q = f + -11. Calculate the greatest common divisor of u and q.
15
Let g(x) = -x**3 + 3*x**2 + 3*x. Let a be g(3). Suppose -2750 = 19*q - 9*q. Let t = q + 293. Calculate the highest common divisor of a and t.
9
Let b(y) = -2*y**2 + 3*y + 14. Let i be b(5). Let q be 12/28 + 0 - 2385/i. Calculate the greatest common factor of q and 6.
6
Suppose 0 = 15*a - 0*a + 135. Let z(m) = -28*m + 38. Let x be z(a). Calculate the greatest common divisor of x and 10.
10
Let x(y) = y**2 - 10*y + 13. Let t be x(9). Let j be -1 - (29/(-2) - 0)*t. Let r = 132 - j. What is the greatest common factor of r and 15?
15
Let l(x) = 9*x**2 + 7*x - 4. Let k be l(-7). Let b = -313 + k. What is the greatest common factor of 30 and b?
15
Let t = -186 + 233. Let b be (-12)/(-30)*(3 + t). Calculate the highest common factor of b and 12.
4
Suppose -2*d + 6*d - 3*n = 5, -d - 4*n + 6 = 0. Let r be 9/(-6)*(-20)/6. What is the greatest common divisor of r and d?
1
Suppose -5*a - 2*h + 348 = 0, 57*h - 56*h = 3*a - 200. Calculate the highest common divisor of 1989 and a.
17
Suppose 3*g = 5*l + 325347 + 323979, -4*l - 519450 = 3*g. Let t be l/(-120) - 12/10. Calculate the greatest common factor of t and 47.
47
Let a(u) = 52*u + 1235. Let k be a(-3). Calculate the greatest common factor of k and 39.
13
Let k be 2/6 + 74/3. Suppose -4*i + w + 91 = -0*i, 2*w = -i + k. Let o = 69 - 0. Calculate the greatest common divisor of o and i.
23
Let r = -52 + 18. Let l = r + 114. Let y = 64744 - 64734. What is the greatest common divisor of l and y?
10
Let q